{"id":2,"date":"2022-02-22T00:09:19","date_gmt":"2022-02-21T23:09:19","guid":{"rendered":"https:\/\/server129654.nazwa.pl\/wordpress\/wpn_mikroszkola-laski\/?page_id=2"},"modified":"2026-03-20T08:42:57","modified_gmt":"2026-03-20T07:42:57","slug":"main","status":"publish","type":"page","link":"https:\/\/mikroszkola-laski.edu.pl\/","title":{"rendered":"Strona g\u0142\u00f3wna"},"content":{"rendered":"\n<hr class=\"wp-block-separator has-css-opacity is-style-wide\"\/>\n\n\n<div class=\"wp-block-image\">\n<figure class=\"aligncenter size-large\"><img loading=\"lazy\" decoding=\"async\" width=\"732\" height=\"1024\" src=\"https:\/\/mikroszkola-laski.edu.pl\/wp-content\/uploads\/2026\/03\/ogloszenie-2026-732x1024.jpg\" alt=\"\" class=\"wp-image-395\" srcset=\"https:\/\/mikroszkola-laski.edu.pl\/wp-content\/uploads\/2026\/03\/ogloszenie-2026-732x1024.jpg 732w, https:\/\/mikroszkola-laski.edu.pl\/wp-content\/uploads\/2026\/03\/ogloszenie-2026-214x300.jpg 214w, https:\/\/mikroszkola-laski.edu.pl\/wp-content\/uploads\/2026\/03\/ogloszenie-2026-768x1075.jpg 768w, https:\/\/mikroszkola-laski.edu.pl\/wp-content\/uploads\/2026\/03\/ogloszenie-2026-1097x1536.jpg 1097w, https:\/\/mikroszkola-laski.edu.pl\/wp-content\/uploads\/2026\/03\/ogloszenie-2026.jpg 1429w\" sizes=\"auto, (max-width: 732px) 100vw, 732px\" \/><\/figure>\n<\/div>\n\n\n<hr class=\"wp-block-separator has-alpha-channel-opacity is-style-wide\"\/>\n\n\n\n<div class=\"wp-block-media-text alignwide is-stacked-on-mobile\"><figure class=\"wp-block-media-text__media\"><img loading=\"lazy\" decoding=\"async\" width=\"1024\" height=\"629\" src=\"https:\/\/mikroszkola-laski.edu.pl\/wp-content\/uploads\/2022\/02\/IMG_20211020_123212-1024x629.jpg\" alt=\"\" class=\"wp-image-40 size-full\" srcset=\"https:\/\/mikroszkola-laski.edu.pl\/wp-content\/uploads\/2022\/02\/IMG_20211020_123212-1024x629.jpg 1024w, https:\/\/mikroszkola-laski.edu.pl\/wp-content\/uploads\/2022\/02\/IMG_20211020_123212-300x184.jpg 300w, https:\/\/mikroszkola-laski.edu.pl\/wp-content\/uploads\/2022\/02\/IMG_20211020_123212-768x472.jpg 768w, https:\/\/mikroszkola-laski.edu.pl\/wp-content\/uploads\/2022\/02\/IMG_20211020_123212.jpg 1200w\" sizes=\"auto, (max-width: 1024px) 100vw, 1024px\" \/><\/figure><div class=\"wp-block-media-text__content\">\n<p class=\"has-text-color\" style=\"color:#34b629\">&#8222;Nie takie wa\u017cne, \u017ceby cz\u0142owiek du\u017co wiedzia\u0142, ale \u017ceby dobrze wiedzia\u0142, nie \u017ceby umia\u0142 na pami\u0119\u0107, a \u017ceby rozumia\u0142, nie \u017ceby go wszystko troszk\u0119 obchodzi\u0142o, a \u017ceby go co\u015b naprawd\u0119 zajmowa\u0142o.&#8221;<br><br>                                                   Janusz Korczak <\/p>\n<\/div><\/div>\n\n\n\n<p><\/p>\n\n\n\n<p><span style=\"font-weight: 400;\">Mikroszko\u0142a Laski powsta\u0142a w 2018 roku jako kameralne miejsce nauki, za\u0142o\u017cone przez grup\u0119 rodzic\u00f3w z my\u015bl\u0105 o w\u0142asnych dzieciach. Tworz\u0105c je szli\u015bmy w \u015blady przyjaci\u00f3\u0142 i tw\u00f3rc\u00f3w pierwszego takiego miejsca \u2013 Mikroszko\u0142y W\u0142ochy. Dzi\u0119ki ich determinacji i pomocy uwierzyli\u015bmy, \u017ce realizacja takiego marzenia jest mo\u017cliwa.<\/span><\/p>\n\n\n\n<p><span style=\"font-weight: 400;\">Mikroszko\u0142a Laski \u0142\u0105czy w sobie zalety szkolnego systemu oraz domowej edukacji z jej indywidualnym podej\u015bciem i mo\u017cliwo\u015bci\u0105 elastycznej realizacji programu.&nbsp;<br><\/span><span style=\"font-weight: 400;\">Dzia\u0142ania opieraj\u0105 si\u0119 na warto\u015bciach wyp\u0142ywaj\u0105cych z wiary katolickiej, uwzgl\u0119dniaj\u0105 sta\u0142y kontakt z przyrod\u0105 oraz wykorzystuj\u0105 podej\u015bcie edukacyjne proponowane w metodzie Marii Montessori.<\/span><\/p>\n\n\n\n<p><span style=\"font-weight: 400;\">W naszych dzia\u0142aniach stawiamy na wszechstronny i harmonijny rozw\u00f3j ka\u017cdego dziecka, wspieraj\u0105c rodziny w edukacji i wychowaniu. <\/span><span style=\"font-weight: 400;\">Wierzymy, \u017ce edukacja oparta na relacji uczni\u00f3w z nauczycielami, uwzgl\u0119dniaj\u0105ca indywidualne potrzeby i zainteresowania dzieci jest skuteczniejsza i daje dzieciom rado\u015b\u0107 z poznawania \u015bwiata.<\/span><\/p>\n\n\n\n<p><span style=\"font-weight: 400;\">Zapraszamy do wsp\u00f3\u0142pracy wszystkich, kt\u00f3rzy podzielaj\u0105 nasz pomys\u0142 na edukacj\u0119!<\/span><\/p>\n\n\n\n<div class=\"wp-block-media-text alignwide has-media-on-the-right is-stacked-on-mobile\"><div class=\"wp-block-media-text__content\">\n<p class=\"has-text-color\" style=\"color:#34b629\">\u201cStarajcie si\u0119 zostawi\u0107 ten \u015bwiat troszk\u0119 lepszym ni\u017c go zastali\u015bcie.\u201d&nbsp;<\/p>\n\n\n\n<p class=\"has-text-color\" style=\"color:#34b629\">                                 Robert Baden-Powell<\/p>\n<\/div><figure class=\"wp-block-media-text__media\"><img loading=\"lazy\" decoding=\"async\" width=\"1024\" height=\"622\" src=\"https:\/\/mikroszkola-laski.edu.pl\/wp-content\/uploads\/2022\/03\/20220225_132151-1024x622.jpg\" alt=\"\" class=\"wp-image-128 size-full\" srcset=\"https:\/\/mikroszkola-laski.edu.pl\/wp-content\/uploads\/2022\/03\/20220225_132151-1024x622.jpg 1024w, https:\/\/mikroszkola-laski.edu.pl\/wp-content\/uploads\/2022\/03\/20220225_132151-300x182.jpg 300w, https:\/\/mikroszkola-laski.edu.pl\/wp-content\/uploads\/2022\/03\/20220225_132151-768x467.jpg 768w, https:\/\/mikroszkola-laski.edu.pl\/wp-content\/uploads\/2022\/03\/20220225_132151.jpg 1200w\" sizes=\"auto, (max-width: 1024px) 100vw, 1024px\" \/><\/figure><\/div>\n\n\n\n<p><\/p>\n","protected":false},"excerpt":{"rendered":"<p>&#8222;Nie takie wa\u017cne, \u017ceby cz\u0142owiek du\u017co wiedzia\u0142, ale \u017ceby dobrze wiedzia\u0142, nie \u017ceby umia\u0142 na pami\u0119\u0107, a \u017ceby rozumia\u0142, nie \u017ceby go wszystko troszk\u0119 obchodzi\u0142o, a \u017ceby go co\u015b naprawd\u0119 zajmowa\u0142o.&#8221; Janusz Korczak Mikroszko\u0142a Laski powsta\u0142a w 2018 roku jako kameralne miejsce nauki, za\u0142o\u017cone przez grup\u0119 rodzic\u00f3w z my\u015bl\u0105 o w\u0142asnych dzieciach. Tworz\u0105c je szli\u015bmy<a class=\"more-link\" href=\"https:\/\/mikroszkola-laski.edu.pl\/\">Continue reading <span class=\"screen-reader-text\">&#8222;Strona g\u0142\u00f3wna&#8221;<\/span><\/a><\/p>\n","protected":false},"author":1,"featured_media":0,"parent":0,"menu_order":0,"comment_status":"closed","ping_status":"closed","template":"","meta":{"footnotes":""},"class_list":["post-2","page","type-page","status-publish","hentry","entry"],"yoast_head":"<!-- This site is optimized with the Yoast SEO plugin v18.1 - https:\/\/yoast.com\/wordpress\/plugins\/seo\/ -->\n<title>Strona g\u0142\u00f3wna -<\/title>\n<meta name=\"robots\" content=\"index, follow, max-snippet:-1, max-image-preview:large, max-video-preview:-1\" \/>\n<link rel=\"canonical\" href=\"https:\/\/mikroszkola-laski.edu.pl\/\" \/>\n<meta property=\"og:locale\" content=\"pl_PL\" \/>\n<meta property=\"og:type\" content=\"article\" \/>\n<meta property=\"og:title\" content=\"Strona g\u0142\u00f3wna -\" \/>\n<meta property=\"og:description\" content=\"&#8222;Nie takie wa\u017cne, \u017ceby cz\u0142owiek du\u017co wiedzia\u0142, ale \u017ceby dobrze wiedzia\u0142, nie \u017ceby umia\u0142 na pami\u0119\u0107, a \u017ceby rozumia\u0142, nie \u017ceby go wszystko troszk\u0119 obchodzi\u0142o, a \u017ceby go co\u015b naprawd\u0119 zajmowa\u0142o.&#8221; Janusz Korczak Mikroszko\u0142a Laski powsta\u0142a w 2018 roku jako kameralne miejsce nauki, za\u0142o\u017cone przez grup\u0119 rodzic\u00f3w z my\u015bl\u0105 o w\u0142asnych dzieciach. Tworz\u0105c je szli\u015bmyContinue reading &quot;Strona g\u0142\u00f3wna&quot;\" \/>\n<meta property=\"og:url\" content=\"https:\/\/mikroszkola-laski.edu.pl\/\" \/>\n<meta property=\"article:modified_time\" content=\"2026-03-20T07:42:57+00:00\" \/>\n<meta property=\"og:image\" content=\"https:\/\/mikroszkola-laski.edu.pl\/wp-content\/uploads\/2026\/03\/ogloszenie-2026-732x1024.jpg\" \/>\n<meta name=\"twitter:card\" content=\"summary_large_image\" \/>\n<meta name=\"twitter:label1\" content=\"Szacowany czas czytania\" \/>\n\t<meta name=\"twitter:data1\" content=\"2 minuty\" \/>\n<script type=\"application\/ld+json\" class=\"yoast-schema-graph\">{\"@context\":\"https:\/\/schema.org\",\"@graph\":[{\"@type\":\"WebSite\",\"@id\":\"https:\/\/mikroszkola-laski.edu.pl\/#website\",\"url\":\"https:\/\/mikroszkola-laski.edu.pl\/\",\"name\":\"\",\"description\":\"\",\"potentialAction\":[{\"@type\":\"SearchAction\",\"target\":{\"@type\":\"EntryPoint\",\"urlTemplate\":\"https:\/\/mikroszkola-laski.edu.pl\/?s={search_term_string}\"},\"query-input\":\"required name=search_term_string\"}],\"inLanguage\":\"pl-PL\"},{\"@type\":\"ImageObject\",\"@id\":\"https:\/\/mikroszkola-laski.edu.pl\/#primaryimage\",\"inLanguage\":\"pl-PL\",\"url\":\"https:\/\/mikroszkola-laski.edu.pl\/wp-content\/uploads\/2026\/03\/ogloszenie-2026.jpg\",\"contentUrl\":\"https:\/\/mikroszkola-laski.edu.pl\/wp-content\/uploads\/2026\/03\/ogloszenie-2026.jpg\",\"width\":1429,\"height\":2000},{\"@type\":\"WebPage\",\"@id\":\"https:\/\/mikroszkola-laski.edu.pl\/#webpage\",\"url\":\"https:\/\/mikroszkola-laski.edu.pl\/\",\"name\":\"Strona g\u0142\u00f3wna -\",\"isPartOf\":{\"@id\":\"https:\/\/mikroszkola-laski.edu.pl\/#website\"},\"primaryImageOfPage\":{\"@id\":\"https:\/\/mikroszkola-laski.edu.pl\/#primaryimage\"},\"datePublished\":\"2022-02-21T23:09:19+00:00\",\"dateModified\":\"2026-03-20T07:42:57+00:00\",\"breadcrumb\":{\"@id\":\"https:\/\/mikroszkola-laski.edu.pl\/#breadcrumb\"},\"inLanguage\":\"pl-PL\",\"potentialAction\":[{\"@type\":\"ReadAction\",\"target\":[\"https:\/\/mikroszkola-laski.edu.pl\/\"]}]},{\"@type\":\"BreadcrumbList\",\"@id\":\"https:\/\/mikroszkola-laski.edu.pl\/#breadcrumb\",\"itemListElement\":[{\"@type\":\"ListItem\",\"position\":1,\"name\":\"Home\",\"item\":\"https:\/\/mikroszkola-laski.edu.pl\/\"},{\"@type\":\"ListItem\",\"position\":2,\"name\":\"Strona g\u0142\u00f3wna\"}]}]}<\/script>\n<!-- \/ Yoast SEO plugin. -->","yoast_head_json":{"title":"Strona g\u0142\u00f3wna -","robots":{"index":"index","follow":"follow","max-snippet":"max-snippet:-1","max-image-preview":"max-image-preview:large","max-video-preview":"max-video-preview:-1"},"canonical":"https:\/\/mikroszkola-laski.edu.pl\/","og_locale":"pl_PL","og_type":"article","og_title":"Strona g\u0142\u00f3wna -","og_description":"&#8222;Nie takie wa\u017cne, \u017ceby cz\u0142owiek du\u017co wiedzia\u0142, ale \u017ceby dobrze wiedzia\u0142, nie \u017ceby umia\u0142 na pami\u0119\u0107, a \u017ceby rozumia\u0142, nie \u017ceby go wszystko troszk\u0119 obchodzi\u0142o, a \u017ceby go co\u015b naprawd\u0119 zajmowa\u0142o.&#8221; Janusz Korczak Mikroszko\u0142a Laski powsta\u0142a w 2018 roku jako kameralne miejsce nauki, za\u0142o\u017cone przez grup\u0119 rodzic\u00f3w z my\u015bl\u0105 o w\u0142asnych dzieciach. Tworz\u0105c je szli\u015bmyContinue reading \"Strona g\u0142\u00f3wna\"","og_url":"https:\/\/mikroszkola-laski.edu.pl\/","article_modified_time":"2026-03-20T07:42:57+00:00","og_image":[{"url":"https:\/\/mikroszkola-laski.edu.pl\/wp-content\/uploads\/2026\/03\/ogloszenie-2026-732x1024.jpg"}],"twitter_card":"summary_large_image","twitter_misc":{"Szacowany czas czytania":"2 minuty"},"schema":{"@context":"https:\/\/schema.org","@graph":[{"@type":"WebSite","@id":"https:\/\/mikroszkola-laski.edu.pl\/#website","url":"https:\/\/mikroszkola-laski.edu.pl\/","name":"","description":"","potentialAction":[{"@type":"SearchAction","target":{"@type":"EntryPoint","urlTemplate":"https:\/\/mikroszkola-laski.edu.pl\/?s={search_term_string}"},"query-input":"required name=search_term_string"}],"inLanguage":"pl-PL"},{"@type":"ImageObject","@id":"https:\/\/mikroszkola-laski.edu.pl\/#primaryimage","inLanguage":"pl-PL","url":"https:\/\/mikroszkola-laski.edu.pl\/wp-content\/uploads\/2026\/03\/ogloszenie-2026.jpg","contentUrl":"https:\/\/mikroszkola-laski.edu.pl\/wp-content\/uploads\/2026\/03\/ogloszenie-2026.jpg","width":1429,"height":2000},{"@type":"WebPage","@id":"https:\/\/mikroszkola-laski.edu.pl\/#webpage","url":"https:\/\/mikroszkola-laski.edu.pl\/","name":"Strona g\u0142\u00f3wna -","isPartOf":{"@id":"https:\/\/mikroszkola-laski.edu.pl\/#website"},"primaryImageOfPage":{"@id":"https:\/\/mikroszkola-laski.edu.pl\/#primaryimage"},"datePublished":"2022-02-21T23:09:19+00:00","dateModified":"2026-03-20T07:42:57+00:00","breadcrumb":{"@id":"https:\/\/mikroszkola-laski.edu.pl\/#breadcrumb"},"inLanguage":"pl-PL","potentialAction":[{"@type":"ReadAction","target":["https:\/\/mikroszkola-laski.edu.pl\/"]}]},{"@type":"BreadcrumbList","@id":"https:\/\/mikroszkola-laski.edu.pl\/#breadcrumb","itemListElement":[{"@type":"ListItem","position":1,"name":"Home","item":"https:\/\/mikroszkola-laski.edu.pl\/"},{"@type":"ListItem","position":2,"name":"Strona g\u0142\u00f3wna"}]}]}},"_links":{"self":[{"href":"https:\/\/mikroszkola-laski.edu.pl\/index.php?rest_route=\/wp\/v2\/pages\/2","targetHints":{"allow":["GET"]}}],"collection":[{"href":"https:\/\/mikroszkola-laski.edu.pl\/index.php?rest_route=\/wp\/v2\/pages"}],"about":[{"href":"https:\/\/mikroszkola-laski.edu.pl\/index.php?rest_route=\/wp\/v2\/types\/page"}],"author":[{"embeddable":true,"href":"https:\/\/mikroszkola-laski.edu.pl\/index.php?rest_route=\/wp\/v2\/users\/1"}],"replies":[{"embeddable":true,"href":"https:\/\/mikroszkola-laski.edu.pl\/index.php?rest_route=%2Fwp%2Fv2%2Fcomments&post=2"}],"version-history":[{"count":18,"href":"https:\/\/mikroszkola-laski.edu.pl\/index.php?rest_route=\/wp\/v2\/pages\/2\/revisions"}],"predecessor-version":[{"id":396,"href":"https:\/\/mikroszkola-laski.edu.pl\/index.php?rest_route=\/wp\/v2\/pages\/2\/revisions\/396"}],"wp:attachment":[{"href":"https:\/\/mikroszkola-laski.edu.pl\/index.php?rest_route=%2Fwp%2Fv2%2Fmedia&parent=2"}],"curies":[{"name":"wp","href":"https:\/\/api.w.org\/{rel}","templated":true}]}}